derivative of -p**5/40 - p**4/12 + 13*p**3/6 - 15*p**2. Let k(u) be the first derivative of t(u). Determine k(g).
10
Let r(d) = -d**2 + 2. Let x(z) = z**3 + 9*z**2 + 2*z - 7. Let t(j) = 4*r(j) + x(j). Calculate t(-4).
9
Let o(t) = -t + 10. Let b be o(0). Let d = 2 - b. Let h(c) = c**2 + 8*c - 2. Give h(d).
-2
Let a(u) = u**2 - 3*u + 3. Let q = -24 - -14. Let t be 3/(-5) - 46/q. Suppose -j = -t*j + 9. Give a(j).
3
Let m(g) = 2*g**2 + 8*g - 6. Suppose 2*o - 249 = -263. Determine m(o).
36
Let w(k) be the third derivative of -k**7/2520 - k**6/240 + k**5/20 + k**4/8 - 18*k**2. Let l(o) be the second derivative of w(o). Calculate l(-5).
-4
Let b(i) = 26*i**2 + 12*i - 16. Let x(n) = 15*n**2 + 7*n - 8. Let g(t) = 4*b(t) - 7*x(t). Give g(-6).
-38
Let s(f) = f**3 - 5*f**2 + 3*f + 2. Let u = 5 + -2. Let w be (-2)/4*(10 + -10). Let l = u + w. Give s(l).
-7
Let h(z) be the third derivative of z**8/20160 + z**7/5040 + z**6/240 - 7*z**5/30 - 2*z**2. Let p(f) be the third derivative of h(f). What is p(0)?
3
Let h(b) = -2*b**2 - 7*b - 5. Let p(x) = -x**2 - 6*x - 3. Let g(s) = 3*h(s) - 4*p(s). Determine g(2).
-5
Let z(y) be the first derivative of -3*y**4/2 + y**3/3 + y**2 - 2*y + 89. Calculate z(1).
-5
Let k(r) = -r**3 - 8*r**2 - 4*r - 8. Suppose -1069*p + 80 = -1079*p. Determine k(p).
24
Let c(z) be the second derivative of -z**4/6 - 3*z**3/2 + 6*z**2 + 13*z - 7. What is c(-5)?
7
Let h(n) = n - 4. Let j be 1 + (0 - 34 - 2). Let d = j + 38. Give h(d).
-1
Let b(q) = q**3 - 6*q**2 - q + 1. Let n(j) = -j - 5. Let f be n(3). Let u(w) = -4*w - 26. Let d be u(f). What is b(d)?
-5
Let f(x) = 1. Let h(s) be the second derivative of -s**4/12 + 5*s**3/6 + 9*s**2/2 - s - 16. Let i(l) = 5*f(l) - h(l). Determine i(5).
-4
Let g(n) = 5*n**2 + 1. Suppose -4*z + 2*z - 6 = 0. Let b = 7 + z. Suppose 4*y = 5*k + 14, -3*y - 2*y + b*k = -13. Determine g(y).
6
Suppose 4*y + 1 = -3. Let r be -5 - -3*y/3. Let c(f) = f**3 + 7*f**2 + 8*f + 7. Give c(r).
-5
Let y(t) = -t**3 - 8*t**2 - 7*t. Let l be (-2 - 56/(-21))*63/(-6). Calculate y(l).
0
Let v(m) = -11*m + 3. Let f(g) = g + 18. Let x be f(-18). Let q = -1 + x. Let c(p) = p - 1. Let b(d) = q*v(d) - 4*c(d). What is b(-1)?
-6
Let z(k) be the first derivative of -k**3/3 + k**2 + 6*k + 634. Give z(-2).
-2
Let y(i) be the third derivative of -i**6/120 - 2*i**5/15 + 5*i**4/12 + 4*i**3/3 - i**2. Let s be y(-9). Let a(d) = -7*d - 1. Calculate a(s).
6
Let m(r) = -r**3 + 38*r**2 + 6*r - 232. Let o be m(38). Let l(c) = 5*c - 3. Let f(q) = 16*q - 10. Let n(z) = 2*f(z) - 7*l(z). Calculate n(o).
13
Suppose -4*t = -i - 19, 7*t - 5*i = 4*t - 7. Let j(o) = -2 + 1 - 3 + o**2 + t + 3*o. Give j(-4).
6
Let g(o) = -o**2 - 44*o + 1. Let z be g(-44). Let p(f) be the first derivative of -f + 5/4*f**4 + 3 + f**2 + 0*f**3. Calculate p(z).
6
Suppose 2*q - x = -q + 31, 0 = 2*x + 8. Suppose q*u = 5*u + 20. Let s(w) = w**2 + w + 1. Let y(z) = -4*z**2 - 10*z. Let m(t) = -5*s(t) - y(t). Calculate m(u).
-5
Let u(v) = 7*v**2 - 2*v - 8. Let n(m) = 5*m**2 - 3*m - 7. Let r(q) = -4*n(q) + 3*u(q). Give r(-3).
-5
Let x(f) = -3*f + 1. Let i = 19 - 33. Let q(n) = -3*n - 3. Let g be q(4). Let k = i - g. Calculate x(k).
-2
Suppose -5 + 53 = 8*w. Let a(g) = w*g**2 + 10 + g - 2*g - 5*g + g**3 + g. Give a(-7).
-4
Let c(i) = 3 - 3 + 6*i - 2*i**2 - 16*i + 3 - 9. Let z = -14 + 8. What is c(z)?
-18
Let l = 6 - 7. Let v(t) = -t - 1. Let b(q) = -2*q**2 + q + 2. Let x(i) = -b(i) - 2*v(i). What is x(l)?
1
Let b be (-1 - (-4 + -1))/2. Let l(m) = 5 + 187*m - 5*m**2 - 186*m + 4*m**2 + b*m**2. Let r = 5 + -5. What is l(r)?
5
Let b(z) = 5*z - 73. Let h be b(14). Let g(m) = m**2 + 2*m - 2. Determine g(h).
1
Let p(u) be the second derivative of -u**5/20 - 7*u**4/12 - u**3 + 7*u**2/2 + 5*u. Let m be 3 - (0 - 3) - -2. Suppose -3*n = m + 7. What is p(n)?
-13
Let g(m) = -8 - 18 + 50 - 4*m - 19. What is g(3)?
-7
Let s(f) = -11*f + 98. Let h(b) = -5*b + 46. Let z(y) = 13*h(y) - 6*s(y). Calculate z(-5).
5
Let y(s) = -251*s**2 - 154*s**3 + 2*s + 250*s**2 - 1 + 150*s**3. Suppose -4*c + 5*p - 1 = 0, -4 - 5 = -4*c - 5*p. Determine y(c).
-4
Let g = 358 + -359. Let q(z) = -6*z**3 + z**2 - z - 1. What is q(g)?
7
Let w(x) = x**3 - x**2 + 3*x - 1. Let n be (-1 - 8/(-4)) + -5. Let s be (-10)/n + (88/16 - 6). Determine w(s).
9
Let c(z) = -z - 5. Let f(h) = -h**2 - 4*h - 4. Suppose -4*q - 71 + 55 = 0. Let u be f(q). What is c(u)?
-1
Let w(a) = -a**3 - 4*a**2 - 9*a + 3. Let t(s) = 2*s**3 + 9*s**2 + 19*s - 6. Let m be 2/(-18) - 495/(-81). Let h(d) = m*t(d) + 13*w(d). Calculate h(2).
-3
Let x(q) = -5*q**3 - 4*q**2 - 7*q + 2. Let y(o) = 22*o**3 + 15*o**2 + 30*o - 9. Let g(p) = 13*x(p) + 3*y(p). Suppose n - 9 = -2. Determine g(n).
-8
Let f(u) be the third derivative of u**4/12 - u**3/3 - u**2 - 650*u. Let n = 1 + -4. Determine f(n).
-8
Let i(l) be the third derivative of l**4/24 + 4*l**3/3 - 2*l**2 + 36. Give i(-5).
3
Let y(k) = 7*k - 6. Let g(j) = 26*j + 262. Let o be g(-10). Calculate y(o).
8
Let c(r) be the second derivative of -r**4/12 - 7*r**3/6 + 11*r**2/2 + 3*r + 7. Suppose 5*a + 3 = -37. Calculate c(a).
3
Let d(p) = -16 + 5404*p + 3 - 5403*p. Determine d(12).
-1
Let c(r) = -5*r - 48. Let p be c(14). Let v = p - -119. Let o(d) = 3*d. What is o(v)?
3
Let d(o) = -o**2 + o. Let g be (-1*(2 - (-2 + 3)))/(-1). Let v(y) = -1. Let b(l) = g*d(l) - 3*v(l). Determine b(4).
-9
Let g be (-220)/(-80) + (-1)/(-4). Let f(i) = -i**2 - 3 - 3*i**2 + 324*i - 330*i + g*i**2. What is f(-4)?
5
Let m(v) be the first derivative of v**7/840 - v**6/60 + v**4/12 + 7*v**3/3 - 10. Let l(h) be the third derivative of m(h). Determine l(6).
2
Suppose 2*u - 3*u + 3*t = -14, -14 = 3*u + 5*t. Let i(v) be the second derivative of 0 - v - v**u - 1/6*v**3. Calculate i(-3).
1
Let m = -439 - -448. Let b(y) = y + 8. Give b(m).
17
Let s(b) = -5*b**2 + 13*b + 2. Let g(q) = -3*q**2 + 6*q + 1. Let n(z) = -7*g(z) + 4*s(z). Calculate n(-7).
-20
Let v be (2 - 5)/(9/12). Let q(d) = -7*d - 2. What is q(v)?
26
Let g(b) = 3*b**2 + b. Let a = 51 + -50. Determine g(a).
4
Let s = -11/284 + 26/213. Let i(n) be the third derivative of 7/24*n**4 - 1/120*n**6 + 0 + 0*n + 0*n**3 + s*n**5 + 12*n**2. Give i(6).
6
Suppose -6 - 9 = 5*r, 0 = -5*d - 5*r + 115. Suppose -q + 28 = 5*k, 0*k - d = -5*k - 2*q. Let z(u) = u**3 - 6*u**2 + 8. Determine z(k).
8
Let x(k) = 3*k - 5*k + 3*k**2 - k**3 - 1 + 3. Let r(v) = v**3 + 2. Let m be r(0). Give x(m).
2
Suppose 9 = x + 3*g, g = 4*x + 5 - 2. Let b be -6 + x + -1 + 4. Let a(c) = -3*c**2 - 3*c + 1. Give a(b).
-17
Let s(k) = -k. Let n(c) = -22*c + 1. Let d be 8 + -4 - (-2)/((-6)/15). Let j(z) = d*n(z) - 4*s(z). What is j(-1)?
-27
Let a(q) = q**2 - 15*q - 55. Let s be 7*(6 + (2 - 114/21)). Give a(s).
-1
Let h(s) = -5*s + 13. Let t be h(3). Let r(p) = 2*p + 1. Determine r(t).
-3
Suppose 0 = -3*k - 3*q + 9, q + 12 = 3*k + k. Suppose -c + 3*c - 27 = 5*f, -2*c - k*f = 13. Let o(b) = 2*b**2 + 2*b - 1. Give o(c).
3
Let c be 24/30 + 1 + 1190/(-175). Let t(w) be the third derivative of -w**6/120 - w**5/10 - 7*w**4/24 + w**3/6 - w**2. Give t(c).
11
Let y(z) be the third derivative of 0*z + 0 + 0*z**3 + 1/24*z**4 - 7*z**2 + 7/60*z**5. What is y(1)?
8
Let p(o) = o**2 + 8*o. Suppose 0 = 11*q - 8*q - 30. Let y = 4 - q. Determine p(y).
-12
Let p(l) = l**2 - l + 2. Suppose 2*a = -5*x + 2, -9*x - 22 = -10*x + 5*a. Give p(x).
4
Let z(l) = 3*l + 23. Let b be z(-8). Let h(s) be the second derivative of 0 + 1/2*s**2 - 3*s + 0*s**3 + 2/5*s**5 - 1/6*s**4. Calculate h(b).
-9
Let p(b) = -2*b + 1 + 2 + 0*b**2 - b**2. Suppose -2*l - 8 = -2. Determine p(l).
0
Let v(r) = r**2 - 1838 - r**3 + 3684 + r - 1829 + r**2. Calculate v(0).
17
Let z(u) = -13511587*u**2 + 4*u + 13511589*u**2 - 5 + 10. Let k = -6 + 2. Calculate z(k).
21
Suppose 4*o = o - 6. Let n be 0 + o + 2 - 3. Let u(v) be the second derivative of -v**3/2 - v**2 - 11*v + 6. Give u(n).
7
Let f(h) = 3*h + 6. Let v be 2*-1 + 192/6. Let m be (2/2)/(2/v*-3). What is f(m)?
-9
Suppose 0 = 4*g + 5*f - 17 - 38, -g - 4*f = -22. Suppose 2*r + 50 = 3*d, -4*d - r + 52 = -0*d. Let o = g - d. Let p(x) = -x**3 - 4*x**2 - x + 4. What is p(o)?
8
Suppose 3*q - 72 = -3*b, b - 28 = -2*q + 4*b. Let y(f) = f**3 - 20*f**2 - f + 30. Calculate y(q).
10
Suppose l = z - 6, 2*l - 6*z + 10 = -5*z. Let b(v) = -v**2 - 2*v - 7. Let r(n) = 